he prime factors of k.
3, 5
Let i be (-7 + 6)*(-6)/(-2). List the prime factors of i - 1/(-1) - -13.
11
Let z be (-4)/(-6) + (-44)/12. Let k be 12*(-1 - 4/z). List the prime factors of 76/10 + k/10.
2
Suppose 5*p + 0 + 10 = 0. Let m(c) = -2*c**3 - 3*c**2 - c + 1. What are the prime factors of m(p)?
7
Suppose -2*c + i + 7 = 0, i = 3*c + 3*i - 21. Suppose 4*s + 0*q = c*q + 157, -4*q = s - 13. List the prime factors of s.
3, 11
Let r(c) = c - 1. Let q be r(1). Let w = -1 + q. Let l = w - -3. What are the prime factors of l?
2
Let t = 85 - 32. List the prime factors of t.
53
Suppose z + 4*u - 181 = 0, 52 + 657 = 4*z + u. What are the prime factors of z?
3, 59
Let c be (-4)/(-22) + (-656)/(-22). Let t = 17 - 36. Let j = t + c. List the prime factors of j.
11
Let g be 4 - (2 + 2 + -3). Let u be g/(-2)*-1*2. Suppose -2 = -l + u. List the prime factors of l.
5
Let s(b) = -6*b**2 - b + 4. Let o(x) = 7*x**2 + 2*x - 5. Let j(z) = -3*o(z) - 4*s(z). Let r be j(2). Let p = r + -5. List the prime factors of p.
2
Let i(a) = 14*a + 2. What are the prime factors of i(2)?
2, 3, 5
Let n be (-11)/(-3) + 4/(-6). Let u(l) = 3*l**3 + 2*l - 4 + 2*l**2 - 2*l**n - 6*l**2. What are the prime factors of u(4)?
2
Suppose -2*c + p - 4 = -3*c, 0 = 5*c - 3*p + 4. Let q(b) = -c - 3*b - 4 + b. List the prime factors of q(-4).
3
Let x(f) = 2*f**3 - 2*f + 3. Let s be x(2). List the prime factors of (-10)/s - 110/(-3).
2, 3
Suppose -4*f = -21 - 11. Let d = f + -3. What are the prime factors of d?
5
Let m = -30 - -42. List the prime factors of m.
2, 3
Suppose 38 = 6*w - 946. What are the prime factors of w?
2, 41
Let g = -20 + 66. Suppose -3*s + s + 3*m = -g, -5*s - 5*m + 140 = 0. What are the prime factors of s?
2, 13
Suppose 0 = -u - 5. Let w = -5 - u. Suppose w = -z + 7 + 1. What are the prime factors of z?
2
Let r(t) = -45*t**3 - 2*t**2 + 1. Let h be r(-1). Suppose -i + h = 3*i. What are the prime factors of i?
11
Suppose 0 = 2*m - 4*s - 24, 0 = -2*s + 1 - 5. List the prime factors of m.
2
Let u(c) = 14*c**2 - 9*c**2 + 7*c + 5 - 6*c**2. Let y(g) = -2*g - 6. Let v be y(-6). What are the prime factors of u(v)?
11
Suppose -2*u = 3*u - 2*i + 25, 4*i + 6 = 2*u. Let v = 31 + u. List the prime factors of v.
2, 3
Let o be 5 + -2*(-2)/4. Suppose -3*a + a = -2*g + 4, 0 = -5*a + g + o. What are the prime factors of a?
2
Let x(n) = -n - 1. Let d(u) = -u**2 - 7*u - 2. Let o(q) = -2*d(q) + 6*x(q). List the prime factors of o(-6).
2, 11
Let z(q) = 119*q**3 - 14*q**2 + 11*q - 8. Let m(c) = -40*c**3 + 5*c**2 - 4*c + 3. Let k(y) = 8*m(y) + 3*z(y). List the prime factors of k(1).
2, 3
Suppose -5*j = t - 37, -5*j + j + 34 = 3*t. Let n(f) be the third derivative of -f**5/60 + 3*f**4/8 - f**3 - f**2. What are the prime factors of n(j)?
2
Let a be (-4)/(8/5)*-2. Suppose 54 - 9 = a*m. Suppose -m = -3*d - 0*d. What are the prime factors of d?
3
Let p = -8 + 10. List the prime factors of p/(-4) - (-20)/8.
2
Let j(w) = w**3 + 8*w**2 - 10*w - 6. Let x be j(-9). Suppose 0 = -u + x + 1. Let g = u - -2. List the prime factors of g.
2, 3
Suppose -5*g + 72 = -58. Let s = g + -12. List the prime factors of s.
2, 7
Suppose -8*i + 120 = -32. List the prime factors of i.
19
List the prime factors of 55/10*26*(0 - -1).
11, 13
Suppose -14 = -5*x + 6. Suppose -x*z = -z - 15. Suppose -65 = -5*h - 2*c, -5*h = -z*c + 12 - 112. List the prime factors of h.
3, 5
Suppose -274 = -5*a + 2*o - 69, 5*a - 175 = -4*o. What are the prime factors of a?
3, 13
Let x(z) = 4*z - 9. Let h(t) = 8*t - 18. Let l(s) = 2*h(s) - 5*x(s). What are the prime factors of l(-7)?
37
Let q(u) = 63*u**3 + u**2. List the prime factors of q(1).
2
Let d = -150 + 235. List the prime factors of d.
5, 17
Suppose 4*v = 1 - 5. List the prime factors of -42*(0 - 1) + v.
41
Let y = -5 - -9. Suppose 0 - y = -2*t. Suppose -o = 3*h - 27, -3*h + 85 = 5*o + t*h. List the prime factors of o.
2, 3
Suppose 2*p - 986 = -5*u + p, -2*p + 593 = 3*u. List the prime factors of u.
197
Let t be 2/(-2 - 16/(-6)). Let y(w) = 5*w. What are the prime factors of y(t)?
3, 5
Suppose -3*r + 2*m = 28, 3*r + 5*m + 8 = 3*m. Let n(y) = -y**2 - 8*y - 1. List the prime factors of n(r).
11
Suppose 3*i + i - 5*x - 111 = 0, 4*i + 3*x = 151. What are the prime factors of i?
2, 17
Suppose 0 = -5*q - 10, 5*s - 5*q + 97 + 8 = 0. Let c = 4 + -8. What are the prime factors of c/14 - s/7?
3
Suppose 4*z - 2*i + 4*i = 80, -3*z + i = -55. List the prime factors of z.
19
Let m = 22 - 15. Let s = m - 2. Suppose 0 = s*q - q - 40. List the prime factors of q.
2, 5
Let s(l) = 3*l - 2 + 0 - 9. Let d = 10 + -2. List the prime factors of s(d).
13
What are the prime factors of -4 + (0 - 1) - -179?
2, 3, 29
Let z(x) be the third derivative of -x**5/60 + x**4/2 - x**3/6 - 5*x**2. What are the prime factors of z(10)?
19
Let o(a) = -a**2 + 14*a - 14. Let u be o(13). List the prime factors of (16 - u)/(5 - 4).
17
Let j be ((-1)/(-2))/(9/36). Suppose -5*w + 3*w = 2, 5*g - 138 = -j*w. List the prime factors of g.
2, 7
Suppose 3*j = -2*i + 190, 11*i - 468 = 6*i - 4*j. What are the prime factors of i?
2, 23
Suppose -4*m - i = -19, -m + 8 = -3*i - 0*i. Suppose -m*k + 15 = -2*k. Suppose 6*t - t - 6 = -a, -50 = -5*a - k*t. List the prime factors of a.
11
Suppose n - 10 = -5. Suppose 10 = -0*k + n*k. Suppose -k*i + 4 = -16. What are the prime factors of i?
2, 5
Suppose 3 + 9 = -4*d. What are the prime factors of d*(-2 + -3 - 0)?
3, 5
Let m be 1*41 + (-6)/6. Let s = m - -1. What are the prime factors of s?
41
Let f(m) = m + 69. Let g be f(0). Suppose -2*d = -2*j + 22, j = -3*j - d + g. List the prime factors of j.
2
Suppose -4*c + 180 = 2*c. What are the prime factors of c?
2, 3, 5
Let a = -70 + 130. Let r = a - 23. List the prime factors of r.
37
Suppose 0 = -t - q - 3, 3*t + 4*q = -6 - 4. Let p = 6 + t. Suppose 2*o + 3*b - 36 = 0, -b - p = -2*b. What are the prime factors of o?
2, 3
Let q = -20 + 26. What are the prime factors of q?
2, 3
Let p = 0 + 2. Suppose p*a + 58 = 4*a. Let o = -19 + a. What are the prime factors of o?
2, 5
Let b(o) = -19*o**3 + 6*o**2 - 2 + o**2 - 2*o + 18*o**3. List the prime factors of b(6).
2, 11
Let m be (-3)/(-5) - 88/55. List the prime factors of (-23)/m + (-1 - -2).
2, 3
Suppose 9 = g - 3*w, 5*g + 4*w = -10 - 21. Let x be ((-4)/(-3))/2*g. List the prime factors of (x/6)/((-1)/12).
2
Let x(h) = 2*h**2 - 5*h - 3. List the prime factors of x(-3).
2, 3, 5
What are the prime factors of 21/2*(-12)/(-9)?
2, 7
Suppose -23 = 4*l - l - 2*z, -z + 36 = -5*l. Let b = -5 + l. Let s = b + 23. List the prime factors of s.
11
Suppose 3*o - 3*p = 171, 3*p = -o + 1 + 52. What are the prime factors of o?
2, 7
Suppose 84 + 164 = 2*v. List the prime factors of v.
2, 31
Let s be 7 - (-2)/(-2)*0. Let w be 338/7 + (-2)/s. Suppose q = 3*f + 3*q - 34, 4*f - w = -4*q. List the prime factors of f.
2, 5
Let k(q) = 2*q**2 + 4*q + 5. Let p be k(-4). Let b = p + 5. List the prime factors of b.
2, 13
Let z(y) = y**2 - 4. Let k be z(5). Let v be (3 + -25)*6/(-4). Suppose 4*j - u - v = -2*u, 2*u = -3*j + k. What are the prime factors of j?
3
Suppose 4*s + x - 24 = 119, 3*s - 2*x = 110. Suppose 0 = a - 6*a, 0 = 4*z + a + s. Let y = 13 + z. List the prime factors of y.
2
Let t(z) = -z + 1. Let m = -2 - 3. List the prime factors of t(m).
2, 3
Let m be 4*1*7/(-4). Let u = m + 10. Let h = u - -2. What are the prime factors of h?
5
Suppose 0 = -4*v + g + 1441, 5*g + 743 = 2*v - 0*v. List the prime factors of v.
359
Let z be (-6)/4*16/(-6). Let a = z + 0. What are the prime factors of a?
2
What are the prime factors of ((-9)/9)/(3/(-6))?
2
Suppose -4*i + 61 = 3*y - 0*y, -y = i - 14. List the prime factors of i.
19
Let y = 71 + 19. List the prime factors of y.
2, 3, 5
Let p(r) = -r**2 + 9*r - 6. Let l be p(8). Suppose 5*s + 51 = 3*v, l*s - v + 57 = -3*s. Let k = s + 17. List the prime factors of k.
5
Suppose -2*g + 238 = 2*z, 5*z + 0*g - 595 = -4*g. List the prime factors of z.
7, 17
Let v(f) = 4*f + 16. List the prime factors of v(12).
2
Let y(f) = -f - 7. Let d be y(-9). What are the prime factors of 16/(-8) + (d - -61)?
61
Suppose 24 = 3*n + n + 3*b, 5 = -n + 2*b. Let g(h) = 4*h - n*h + 2*h**2 - h**2. List the prime factors of g(-2).
2
Let x = 6 + -2. Suppose 0 = 4*a + 2*s - 84, a - 131 = -x*a + 4*s. What are the prime factors o